(8).
2, 881
Let c(h) = 4*h - 1. Let l be c(1). Let g(j) = 8*j - 22. Let m be g(l). Let w(r) = 16*r**3 + 2*r**2 + r - 4. What are the prime factors of w(m)?
2, 67
Let z(x) = -10648*x - 2109. List the prime factors of z(-2).
7, 2741
Suppose -33*o = -25959 - 32847. What are the prime factors of o?
2, 3, 11
Let j be 100/(0 + 2 + -1). Suppose -9*u + 10*u = -j. Let r = u - -144. List the prime factors of r.
2, 11
Suppose 3*y - 15 = 0, 2*x + 2*y + y = -95. Let q = 743 + x. List the prime factors of q.
2, 43
Suppose 3*q - 4*t - 5884 = 0, -130*t = 2*q - 129*t - 3897. List the prime factors of q.
2, 61
Let d(t) = 20 - 14 + 14 - 3 - 60*t. List the prime factors of d(-4).
257
Suppose -2*h + v + 11088 = -11923, -4*v = -12. What are the prime factors of h?
37, 311
Suppose -8*n + 4*n - 36 = 0. Let w(s) = -2*s - 9. Let h be w(n). What are the prime factors of (-1 + h/6)*82?
41
Let m = -203 - -206. What are the prime factors of ((-2)/m)/(10/(-3345))?
223
Let i be 6724/(-12) + 4/3 + -2. Let g = 955 + i. What are the prime factors of g?
2, 197
Suppose -3049 - 10289 = -13*c. List the prime factors of c.
2, 3, 19
What are the prime factors of (-4*3714/(-36))/((-1)/(-12))?
2, 619
Suppose 0 = -61*v + 259094 + 217682. List the prime factors of v.
2, 977
Suppose 4*x = -n - x + 2, 77 = 4*n - 3*x. Suppose -7534 = -n*a + 12407. What are the prime factors of a?
3, 17, 23
Let u be 4 + -6 + 0 + 12*1. Let t be (-27)/(-45) - (-4)/u. List the prime factors of ((-108)/16)/(t/(-4)).
3
Let k be (-1)/(2/(-10)) + 5658/6. Suppose -333 = 3*m - k. List the prime factors of m.
5, 41
Let r = -1324 + 1529. List the prime factors of r.
5, 41
Let q(i) = 2*i**2 - 15*i + 5. Let t be q(-18). Let x = 357 + t. What are the prime factors of x?
2, 5
Let o = 32 - 29. Suppose -3*n - o*a = -7*a - 4, 5*a = 5*n. What are the prime factors of (-16)/n + 2*(-562)/(-4)?
3, 5, 19
Suppose -21 = -6*w - 9. Suppose -w*p - 5*k = -9*k - 1314, -5*p = 2*k - 3285. What are the prime factors of p?
3, 73
Let q = 11174 - 7669. List the prime factors of q.
5, 701
Let s be -12 + 4/(1 + 0). List the prime factors of (1438/s - 1)/(6/(-16)).
2, 241
Suppose -x - 9*f + 5865 = 0, -3*x + 10558 + 7133 = 3*f. List the prime factors of x.
3, 7, 281
Let u = 1389 + -657. Suppose -3*o + 3995 = -2*p, 2*o + 5*p = u + 1963. What are the prime factors of o?
3, 5, 89
Let x(f) = 17*f**2 - 830*f - 83. What are the prime factors of x(64)?
7, 2347
Let n(w) = -2*w**3 - 11*w**2 - 8*w + 2. Let p be n(-7). Let d = p + -131. What are the prime factors of d?
2, 37
Let p = 124763 - 88060. What are the prime factors of p?
17, 127
Suppose -4*u - 3*u = 56. Let x = -50 + u. Let l = 1 - x. What are the prime factors of l?
59
Let i be 0 - (4 - ((-1482)/2)/(-3)). Let o = -59 + i. List the prime factors of o.
2, 23
Suppose j + 72 = 5*j. Suppose -j = -0*l - 3*l. Suppose -368 = -l*a + 2*a. What are the prime factors of a?
2, 23
Let b(n) = -2*n**2 - 20*n - 14. Let p be b(-9). Let r(s) = 116*s + 117. What are the prime factors of r(p)?
7, 83
Let z(d) = -d**3 + 7*d**2 - 10*d - 4. Let f(g) = -2*g**3 + 14*g**2 - 20*g - 7. Let x(w) = 6*f(w) - 13*z(w). Let s = 1430 - 1424. List the prime factors of x(s).
2, 17
Suppose -4*z + 68 = 4*o, -z + 9 = 2*o - 4*z. List the prime factors of o/(-16)*2738/3*-2.
37
Let i be 348/1 + -34 + 41. Let c = i + -146. What are the prime factors of c?
11, 19
Suppose -4*r + 3*u + 28806 = 0, 4*r = 4*u + 10561 + 18243. List the prime factors of r.
3, 7
Suppose -236*c + 48*c + 29260 = -398628. List the prime factors of c.
2, 569
Suppose -5*d - 3542 - 11617 = -j, 0 = -4*j - 4*d + 60612. List the prime factors of j.
2, 7577
Let f(c) = 10*c**2 + 11*c + 240. What are the prime factors of f(-50)?
2, 3, 5, 823
Suppose -m + 3*n = -14, 5*n - 10 = -3*m + 6*n. Suppose -3*p + p + m*d = -1064, 4*d = -3*p + 1568. List the prime factors of p.
2, 3, 11
Let z = -1343 - -5416. List the prime factors of z.
4073
Suppose 2*k + 3*d - 15 = -4, 3*k = d + 11. Suppose 0 = -3*t + k*i + 198, 5*t + 2*i - 330 = -2*i. List the prime factors of (6/2 - t)/(-1).
3, 7
Let h(w) = w**2 + 20*w + 37. Let f be h(-18). Let v(b) = 54*b**3 + 184*b**3 + 3*b - 2*b + 2*b**3. List the prime factors of v(f).
241
Let u be (-124)/(-12)*3 - (6 - 5). What are the prime factors of 2 + (-78)/u - 6496/(-10)?
11, 59
Suppose -z + 1194 = -2*v, -17*z = -12*z + 5*v - 5925. Suppose 8*c - 5*k = 3*c + 6065, c - z = -4*k. List the prime factors of c.
2, 151
Suppose 36*g - 252 = 30*g. List the prime factors of (-66)/5*(27 - g).
2, 3, 11
Let r be 3/(2 - 42/12). What are the prime factors of 4269/3 - (-3 + r)?
2, 3, 7, 17
Suppose 23*d - 74486 - 28911 = 58638. What are the prime factors of d?
5, 1409
Let v = 2141 + -525. Suppose 100*s - 104*s = -v. List the prime factors of s.
2, 101
Let q(i) = 42*i + 29. Let v be q(6). Let n = v + 29. What are the prime factors of n?
2, 5, 31
Let x(p) = 9*p - 4. Let a be x(1). Suppose 2*y + 5*z = -12, 2 = 2*y - a*z - 6. List the prime factors of y/(6/(-217)) + 3/(-18).
2, 3
Suppose 3*k = -3*m + 399 + 867, -4*k = -3*m - 1674. Suppose 22*a = 25*a - k. Suppose -2*s - n = 22 - a, -3*n + 240 = 4*s. List the prime factors of s.
3, 19
Suppose -16*p - 80 = -20*p. Suppose -6*h + h = p. List the prime factors of 2/h + (-702)/(-12).
2, 29
Let r = 24 - 36. Let d be (-6)/(-9) - 1432/r. Suppose -6*v - d = -1872. List the prime factors of v.
2, 73
Let r(k) = -k**3 + 32*k**2 + 279*k + 45. What are the prime factors of r(-17)?
9463
Let x be (1 - 972)/(7/(-7)) + -2. Let g = x - 610. List the prime factors of g.
359
Suppose -5*d + 110356 = -2*o, d - o - 132437 = -5*d. What are the prime factors of d?
2, 3, 13, 283
Let y be 1/((-594)/1180 - (-3)/6). Let m = 612 + y. List the prime factors of m.
317
Let y(k) = -36*k + 21*k + 21*k + 3 - 10*k**2 + 5*k**3. Let f(d) = d**3 - d. Let g(w) = 4*f(w) - y(w). List the prime factors of g(7).
2, 37
Let f(r) = 260*r**2 - 5*r - 3. Let m(b) = b**3 - 6*b**2 - 2*b - 33. Let n be m(7). What are the prime factors of f(n)?
13, 79
Let k(x) = -x**3 + 13*x**2 - 7*x + 69. Let y be k(12). Let d = 447 - 191. Suppose 0 = 5*a - d - y. List the prime factors of a.
7, 11
Let h = -3220 + 6483. Let g be (-1)/5 + h/65. Suppose x - 2*x + 2*u + g = 0, -4*u - 4 = 0. What are the prime factors of x?
2, 3
Suppose -2*y + 6293 = 5*t - 1762, 3*t - 8049 = -2*y. Suppose 19239 = 9*b + y. List the prime factors of b.
19, 89
Let x(r) = 27*r**2 + 5*r - 3. Let z be (-2 - -1)/(((-4)/(-3))/(-4)). Let t be x(z). Suppose 0*y + 5*y = g - 51, -y = -5*g + t. List the prime factors of g.
3, 17
Suppose -7*r + 80 = 5*l - 10*r, 4*l - 4*r = 56. Suppose l*y = 11*y + 1936. What are the prime factors of y?
2, 11
Let y be 11 + 3 + -4 + 1. Suppose -y*q = q. Suppose q = -n - 5*j - 3 + 83, 0 = -2*n - 2*j + 128. What are the prime factors of n?
2, 3, 5
Let f be -336 - 0/3 - -1 - 3. List the prime factors of (-8)/(-36) - 47/9 - f.
3, 37
Let d = -143 - -476. Let i = d + -211. What are the prime factors of i?
2, 61
Suppose 11*f + 1 = 23. Suppose -3*h + f = -4. What are the prime factors of 413/h - (-1)/(-2)?
2, 103
Suppose -3*x - 10 = -22. Let p be (x - (-2 + 5))*(1 + -1). Suppose f - 1 - 115 = p. List the prime factors of f.
2, 29
Let z(l) = 4*l**2 + 17*l + 9. Let u be z(-13). Let d = -296 + u. Suppose 3*g - 5*g + d = -4*s, -5 = -s. List the prime factors of g.
2, 47
Suppose 0 = -3*v + 5*j + 15008, 5*j = -25*v + 21*v + 19929. List the prime factors of v.
7, 23, 31
Let h = -28378 - -33247. List the prime factors of h.
3, 541
Suppose 4*b = 4*c - 16, -7 - 5 = -b - 3*c. Suppose b = -3*v - 6 - 6, k = -5*v - 14. List the prime factors of k.
2, 3
Let k(u) = u**3 - 3*u**2 + 5*u - 15. Let t = -42 - -43. Let x(b) = 5*b**2 + 10*b - 9. Let r be x(t). What are the prime factors of k(r)?
3, 41
Let k(g) = 23*g + 306. Let r be k(-13). Let j(f) = 5*f**3 - 3*f**2 - 17*f + 9. What are the prime factors of j(r)?
2, 3
Let r(h) = 47*h**2 + 3*h - 3. Let w be r(1). Suppose -43*y + 12 = -w*y. What are the prime factors of y/((-24)/(-134))*(-5 - -1)?
67
Suppose 0 = 3*b + 21, -77*b = m - 75*b - 7129. What are the prime factors of m?
3, 2381
Let b(f) = 646*f**2 + 29*f + 3. Let l be b(-2). Suppose 19*s - 10*s = l. What are the prime factors of s?
281
Let a(v) = v - 4. Let i be a(6). Suppose -135*c = -138*c + 1083. Suppose q - c = -2*o, 